 -126*w - 19*w + 35090 = 0. What is the remainder when 783 is divided by w?
57
Suppose 120*t + 121716 = 218*t. Calculate the remainder when t is divided by 308.
10
Let n(l) = 6*l**2 - l + 1. Let g be n(1). Let z(h) = 3*h - 15. What is the remainder when -18*2/(g/(-9)) is divided by z(10)?
9
Suppose 441 = 25*a - 22*a. Let n = a - 128. What is the remainder when n is divided by 7?
5
Let p = -109 - 21. What is the remainder when 128/(-6)*(0 - 3) is divided by (30/(-9))/(-10) - p/6?
20
Suppose 0 = f - 4, -75*p - 5*f + 275 = -72*p. Calculate the remainder when 3332/85*(-130)/(-4) is divided by p.
84
Let o(l) = l**3 + 95*l**2 + 1132*l + 128. What is the remainder when 1157 is divided by o(-81)?
287
Let z(m) = -m**2 + m + 59. Suppose 9*w + 63 = 18*w. Suppose 0 = -2*j + 10, 5*v - 5*j + w*j = 165. Calculate the remainder when z(0) is divided by v.
28
Let w(r) = r**2 - 18*r + 107. What is the remainder when 591 is divided by w(10)?
24
Suppose 3*m = 3*k - 93, -3*k = -2*m - 5*k - 42. Let p = m + 29. Suppose -p*d = -5*x + 93, 3*d = 2*x - 2*d - 22. Calculate the remainder when 36 is divided by x.
15
Let i = -304 - -313. Let f(k) = 12*k - 92. What is the remainder when 443 is divided by f(i)?
11
Let o = 250 + -256. Calculate the remainder when 84 is divided by o/(-39) - 6510/(-273).
12
Let t = 15606 - 15567. Suppose 6*v - 340 = v. Calculate the remainder when v is divided by t.
29
Suppose 5*u = 3*g - 127, 5*g - 30 - 120 = -4*u. Calculate the remainder when 204725/1900 - 100/(-16) is divided by g.
12
Let s(o) = -14*o**3 - o**2 - 4*o - 11. What is the remainder when 405 is divided by s(-2)?
90
Suppose -29*o + 25*o - 2*u + 12 = 0, -3*o + u = -19. Calculate the remainder when 140 is divided by o.
0
Suppose -12770 = -3*p - 3950. What is the remainder when (3/(-15))/((-12)/p) is divided by 27?
22
Suppose 4*m = -i + 11, 19*i + 5*m = 20*i - 29. Let f(t) = t**3 - 9*t**2 + 13*t + 9. Let x be f(7). What is the remainder when 4212/57 + x/19 is divided by i?
17
Let w = -10863 + 10887. What is the remainder when 495 is divided by w?
15
Suppose 74*h - 75*h = -173. What is the remainder when h is divided by ((-14)/56)/(1/(-116))?
28
Suppose -5*b + 4*b + 4 = 0. Suppose -5*n + n - 64 = -b*i, 5*n - 60 = -2*i. Calculate the remainder when 29 is divided by 3/2*i/3.
9
Let u(m) be the second derivative of 35*m**4/12 - m**3/3 - 3*m**2/2 + m + 26. Calculate the remainder when u(-1) is divided by 4.
2
Let f(n) = -7*n**2 + 69*n - 401. Let x(s) = -3*s**2 + 34*s - 201. Let r(p) = 2*f(p) - 5*x(p). What is the remainder when r(37) is divided by 30?
28
Let p(a) = -2*a**3 - 30*a**2 - 26*a - 179. Calculate the remainder when 1042 is divided by p(-15).
198
Suppose -c + 28 = -3*h - 354, 2*c - 765 = 5*h. Calculate the remainder when c is divided by 153.
79
What is the remainder when (8 - (-1 - -1))*969/19 is divided by 78?
18
Suppose -9*r - 408 = 60. Calculate the remainder when 70 is divided by r/8*-1*2.
5
Suppose -17*x + 20 = -19*x. Let d be (-15)/x - 396/(-8). Suppose d = 2*w - 31. Calculate the remainder when w is divided by 7.
6
Suppose 43 + 49 = 4*v. Let q = -68075 - -68125. What is the remainder when q is divided by v?
4
Suppose 3592 = 30*g - 13388. Calculate the remainder when 592 is divided by g.
26
What is the remainder when 201 is divided by -2*(-70)/4 - (-529 + 535)?
27
What is the remainder when -1*((-26)/(-65)*5)/((-2)/1693) is divided by 154?
153
Let b = 746 - 701. Suppose 0 = 6*y + b - 207. What is the remainder when 47 is divided by y?
20
Suppose 18*q - 49*q + 10752 = 81*q. Calculate the remainder when 19390 is divided by q.
94
Calculate the remainder when 159 is divided by (-2)/(-17) - (-3 + 416/(-221)).
4
Suppose -2*b + 3*b + 3*u - 344 = 0, 2*u = 4*b - 1460. Calculate the remainder when b is divided by 142.
78
Let d(x) be the first derivative of -15/2*x**2 + 2/3*x**3 + 35*x - 13. Calculate the remainder when d(10) is divided by 22.
19
Suppose 0*v = 9*v + 36. What is the remainder when ((-14)/v)/((6/(-1))/(-492)) is divided by 48?
47
Let b = -1033 - -1041. Calculate the remainder when 103 is divided by b.
7
Let j(v) = 2*v. Let s be j(3). Let a(f) = 4*f - 21. Let p be a(s). Calculate the remainder when 38/p - 4/(-12) is divided by 5.
3
Suppose o - 3*c = 46, 10*c + 341 = 6*o + 5*c. What is the remainder when 159 is divided by o?
37
Let s(z) = 2*z**3 - 9*z**2 - 31*z + 121. Calculate the remainder when 572 is divided by s(6).
13
Let i(z) be the second derivative of -z**3/2 + 43*z**2/2 - 137*z. Calculate the remainder when 257 is divided by i(2).
35
Let a(p) = -p**3 - 31*p**2 + 95*p - 64. Let b(o) = -3*o**2 - 36*o - 34. Let s be b(-12). Calculate the remainder when a(s) is divided by 35.
34
Suppose -213*n - 25520 = -223*n. Calculate the remainder when n is divided by 35.
32
Let z(y) = -y**2 + 10*y + 5. Let j be z(10). Suppose 0 = 2*o - 4*k - 468, 3*k = -7 - j. Calculate the remainder when o is divided by 12.
10
Suppose 16 = -2*c + 28. Suppose -c*v + 120 = -3*v. Let s = 319 + -121. Calculate the remainder when s is divided by v.
38
Let v = 202 + -166. What is the remainder when 83 is divided by 52 - v/(2 - -4)?
37
Let w be (-1 + 1 + -1)*1. Let b(s) = -s**2 - 12*s + 224. Calculate the remainder when b(-17) is divided by (-4 - -3) + (-36)/w.
34
Suppose -4*q + 257*k = 254*k + 353, 2*q = -2*k - 194. Let s(m) = 10*m - 4. Let i be s(-6). Let f = i - q. What is the remainder when 80 is divided by f?
24
Suppose -120 = -40*c + 37*c. Suppose o = -1, -11 - c = -k - 2*o. Let d(j) = -j + 27. Calculate the remainder when k is divided by d(0).
26
Let y(t) = 4*t - 18. Let n(j) = 8*j - 35. Let c(u) = 3*n(u) - 5*y(u). What is the remainder when (-5)/(200/(-1730)) + 1/(-4) is divided by c(6)?
7
Let u(v) = 5*v**2 + 74*v + 94. Calculate the remainder when 172 is divided by u(-14).
20
Suppose -4*o + 417 = 121. Calculate the remainder when o is divided by 4/(-10) - (-127)/5.
24
Suppose 4030 = -45*w + 12535. What is the remainder when 7370 is divided by w?
188
Suppose 2*s - 4*g - 30 = -0*g, -5*s + 5*g + 65 = 0. Suppose 5*y = s*y - 342. What is the remainder when y is divided by 22?
13
Suppose -t + 6*t + 4*u = -359, 5 = -5*u. Let c be (-1 - t)*(-14)/(-28). What is the remainder when 133 is divided by 2/(-5) + 3 + 1484/c?
43
Suppose 48*l + 5017 = 3*r + 41*l, -3*l = 2*r - 3383. What is the remainder when r is divided by 335?
9
Let v(d) = d + d - 47 + 39. Let m be v(4). Suppose -n + 4*n - 192 = m. Calculate the remainder when n is divided by 23.
18
Let q(t) = 2*t + 10. Let v be q(-5). Let w be v + 2 + (-2 - -2). Calculate the remainder when 58 is divided by 2/(w/2 + (-24)/30).
8
Let q(b) = b**2 + 12*b + 24. Let l be q(-2). Suppose -o + 4*o - 80 = -4*n, l*o + n - 111 = 0. Let m = 121 - 67. What is the remainder when m is divided by o?
26
Let x(j) = -9*j - 15. Let a be x(-12). Let u = -53 + a. Suppose 130 - 8320 = -70*z. Calculate the remainder when z is divided by u.
37
Let b = -12 - -29. Suppose 38 = 2*y + h - b, h - 130 = -5*y. What is the remainder when 143 is divided by y?
18
Let h(n) = n + 10. Let j be h(7). Let s(l) = 8*l - 31. Let k(o) = -14*o + 62. Let y(a) = -3*k(a) - 5*s(a). Calculate the remainder when 11 is divided by y(j).
2
Suppose 3*n = -701*u + 702*u + 597, 0 = -n - 3*u + 179. What is the remainder when n is divided by 132?
65
Suppose -3*t = -2*d + 74, -4*t - 192 = -12*d + 7*d. Suppose -468 = -4*i + j, 0 = -5*i - 2*j - j + 568. What is the remainder when i is divided by d?
36
Let n = -208 + 214. Suppose -8*u - 8 = -10*u. Suppose -u*i + 4*y + 148 = 0, -i + 34 = -0*y - 2*y. Calculate the remainder when i is divided by n.
4
Suppose 660 = 72*u - 3444. Suppose 0 = 2*v + r + 1, v = -3*v + 3*r + 23. What is the remainder when u is divided by 31 - (-2 + 2 + v)?
28
Suppose 3*z + 13*g - 19 = 0, 4*z + g = 56 + 149. Suppose -2*n = -1240 - 594. What is the remainder when n is divided by z?
53
Suppose 2545*f = 2533*f + 180. What is the remainder when 314 is divided by f?
14
Suppose 0*v = -v + 2*p + 210, -v + p + 214 = 0. Suppose 3*s + v = 5*s + 4*l, -3*s = 2*l - 307. Let a = s - 84. Calculate the remainder when 27 is divided by a.
12
Suppose -11*t - 48 = 7. Let q be t/((-15)/(-12))*1 - -4. Suppose -d = 2*d - 2*n - 44, 5*d - 5*n - 70 = q. Calculate the remainder when 45 is divided by d.
13
Suppose v - 17 